-1715410 (base 8) to base 2.
-1111001101100001000
-1452244 (base 6) to base 11
-58766
-b6d293 (base 15) to base 9
-17331883
-1422316 (base 9) to base 13
-215205
Convert 107a270 (base 11) to base 13.
51128c
What is -16367 (base 15) in base 8?
-213737
-c819 (base 16) to base 10
-51225
14a2b (base 12) to base 11
1a976
Convert 11710635 (base 8) to base 16.
27919d
Convert 84706 (base 9) to base 4.
31222221
116c18 (base 15) to base 12
342065
What is 50f56 (base 16) in base 4?
1100331112
Convert 2aa78 (base 11) to base 9.
66173
What is -25c7e (base 15) in base 8?
-354160
Convert -1312110123 (base 4) to base 3.
-220121210110
Convert -16250646 (base 8) to base 15.
-4e3054
What is 189692 (base 15) in base 3?
2020202221002
What is 234542355 (base 6) in base 5?
2113232203
141179c (base 13) to base 7
104631530
40012323 (base 7) to base 8
14450217
1222121031 (base 4) to base 10
435789
Convert 3075852 (base 10) to base 13.
839040
Convert -343468 (base 9) to base 6.
-4225312
-26c6919 (base 13) to base 6
-1114153133
What is 1024033 (base 6) in base 4?
30033111
10021105 (base 9) to base 10
4796906
-307736 (base 8) to base 14
-2943c
Convert -1a8945 (base 15) to base 13.
-364406
What is -5576995 (base 10) in base 14?
-a5260b
Convert -2759c (base 14) to base 3.
-11221021110
What is 3224431224 (base 5) in base 10?
6873939
Convert -199905 (base 11) to base 15.
-6097d
Convert 33230020220 (base 4) to base 15.
5639ab
323303111 (base 4) to base 15
4c89e
1b11905 (base 13) to base 15
bb9d11
25522777 (base 8) to base 3
101200111120012
-13b5a4 (base 12) to base 11
-206671
Convert -a497e (base 15) to base 9.
-874812
What is -110001100111101111 (base 2) in base 14?
-540d9
13331030 (base 6) to base 7
3542145
Convert -101000010011110111101 (base 2) to base 15.
-1b1598
-e818b (base 16) to base 11
-59a283
101021102210010 (base 3) to base 11
309a846
-11337182 (base 9) to base 15
-73e7b8
155210655 (base 7) to base 13
223b633
-305514 (base 8) to base 7
-601014
Convert 3122310020 (base 4) to base 6.
31113212
Convert 24425010 (base 6) to base 5.
200000103
144212140 (base 5) to base 8
2745273
What is -41053350 (base 7) in base 9?
-6400236
Convert 5400415 (base 10) to base 2.
10100100110011101011111
Convert -102005 (base 13) to base 9.
-632315
1021a (base 13) to base 3
1110200012
Convert 11111022 (base 3) to base 6.
23055
-102225052 (base 6) to base 4
-12311202320
1299c (base 14) to base 5
2431211
What is 1012013011 (base 4) in base 7?
2304145
Convert -295711 (base 11) to base 7.
-3631101
-1582422 (base 11) to base 8
-12223632
Convert 441516 (base 11) to base 13.
1b89c4
Convert -22535403 (base 6) to base 16.
-aa35b
Convert 3086866 (base 10) to base 7.
35144416
Convert -55343 (base 8) to base 6.
-255415
What is 1500451 (base 8) in base 5?
102120111
What is -4596686 (base 10) in base 14?
-87926a
Convert 804458 (base 10) to base 9.
1455452
-125241 (base 6) to base 13
-5341
-135375 (base 10) to base 7
-1102452
-3426203 (base 8) to base 2
-11100010110010000011
What is 2b0c22 (base 13) in base 4?
10002133331
10101110011100000111 (base 2) to base 7
6034046
-32730 (base 9) to base 7
-120240
What is -33101323 (base 4) in base 10?
-62587
Convert -221125225 (base 6) to base 8.
-17130121
Convert -2684097 (base 10) to base 7.
-31546233
What is -1320111 (base 13) in base 10?
-5997993
What is 15123210 (base 8) in base 14?
65b688
-66d1ad (base 15) to base 8
-22552507
120200202022 (base 3) to base 16
4b6b3
What is -1111111000001101000101 (base 2) in base 3?
-21211110200222
What is -1387183 (base 9) in base 6?
-24231503
What is 13a10 (base 14) in base 6?
1013034
What is 74752 (base 13) in base 14?
56737
What is 44030040 (base 5) in base 12?
16213b
Convert 1066482 (base 11) to base 2.
111001000000010111111
Convert -401313101 (base 5) to base 14.
-2d4ca2
24010242 (base 6) to base 16
b6972
What is -1e658 (base 15) in base 6?
-2043432
21500434 (base 8) to base 6
243011312
Convert -20011123030 (base 4) to base 11.
-1218352
-42253 (base 14) to base 12
-78455
Convert 21196a (base 11) to base 13.
bb544
What is -1001100101001001 (base 2) in base 14?
-1042d
What is 1dc07 (base 16) in base 10?
121863
-1000011001 (base 4) to base 16
-40141
11024443 (base 5) to base 15
1d4ed
Convert -832ab9 (base 15) to base 16.
-5f2791
13352020 (base 6) to base 13
129b85
What is -100302310133 (base 4) in base 13?
-bb1b10
-1214755 (base 8) to base 9
-558533
What is -111100000010000110011 (base 2) in base 13?
-53b4c8
-10202203320 (base 4) to base 5
-301041021
Convert -54533 (base 8) to base 15.
-6ba0
What is 1230213324 (base 5) in base 9?
5535375
Convert -23b015 (base 13) to base 3.
-1121022100101
What is 56330612 (base 7) in base 4?
102213302000
Convert -175020 (base 11) to base 5.
-32121330
What is -640a23 (base 12) in base 10?
-1577403
110033300111 (base 4) to base 2
10100001111110000010101
Convert -113311110 (base 5) to base 6.
-15134100
Convert -313200 (base 6) to base 8.
-61400
-572470 (base 8) to base 11
-122706
Convert 2577035 (base 9) to base 8.
5300245
1110000001000110111000 (base 2) to base 11
208a822
3560202 (base 7) to base 12
199340
3232312 (base 7) to base 14
a3b42
Convert 132142242 (base 5) to base 13.
1a2543
What is 55079 (base 15) in base 11?
174a39
Convert -5102510 (base 6) to base 5.
-30213144
Convert -26aba5 (base 12) to base 16.
-9c82d
What is -103921 (base 11) in base 12?
-801a4
Convert -10415034 (base 6) to base 7.
-2443546
Convert -17043037 (base 9) to base 8.
-40427101
-11404533 (base 6) to base 8
-1274551
What is -1001110010000011 (base 2) in base 10?
-40067
What is -72795 (base 14) in base 16?
-435bf
c7cc4c (base 13) to base 4
101313201323
-17235203 (base 8) to base 6
-222001111
Convert 100021000100221 (base 3) to base 7.
56553664
What is -102908 (base 12) in base 2?
-111101111010011000
Convert 13153562 (base 7) to base 4.
10212211130
Convert 16442566 (base 7) to base 15.
21b34d
What is 9d683 (base 16) in base 5?
131112424
Convert 11132a7 (base 11) to base 10.
1951605
Convert 77030 (base 8) to base 11.
22286
Convert 4361461 (base 7) to base 5.
114123010
133104313 (base 5) to base 9
1238647
12101011000 (base 3) to base 9
171130
Convert 662830 (base 10) to base 12.
27b6ba
Convert -89519 (base 13) to base 6.
-5201212
1100010010000001110 (base 2) to base 11
255400
What is 133124 (base 6) in base 14?
4712
Convert 8705a92 (base 11) to base 7.
244054121
Convert 210101001202112 (base 3) to base 12.
3979172
Convert -1a76830 (base 11) to base 6.
-202513453
What is -153c0bb (base 13) in base 8?
-31730323
-46510 (base 7) to base 10
-11914
Convert 10716578 (base 9) to base 12.
18b188b
Convert -105312167 (base 8) to base 12.
-6113587
-484565 (base 12) to base 3
-2012101110112
Convert -144310 (base 6) to base 5.
-421223
-5115857 (base 10) to base 15
-6b0c22
What is 4156498 (base 10) in base 6?
225031014
288042 (base 15) to base 3
10200010000022
-11322333222 (base 4) to base 14
-2c5a30
6264351 (base 10) to base 16
5f961f
Convert 4661c (base 13) to base 7.
1043351
Convert 1920407 (base 12) to base 16.
506047
What is 110010111011111011111 (base 2) in base 12?
685aa7
What is -d4510 (base 16) in base 12?
-35b328
Convert 131014 (base 7) to base 8.
57454
Convert 48797 (base 10) to base 16.
be9d
What is -722cc8 (base 16) in base 12?
-260a234
What is 320232213213 (base 4) in base 2?
111000101110100111100111
Convert ac79c (base 15) to base 12.
2254a0
What is -2089007 (base 10) in base 11?
-11a7558
-198d474 (base 15) to base 2
-1000111001111010011000100
What is 185674 (base 10) in base 6?
3551334
-10110100110001111101 (base 2) to base 9
-1347662
What is 100000110010011110 (base 2) in base 9?
224204
Convert -37433 (base 11) to base 14.
-15840
4101413032 (base 5) to base 3
120111020112210
Convert 1113368 (base 10) to base 2.
100001111110100011000
What is 22000232102 (base 4) in base 14?
4c45b4
-2954a (base 11) to base 4
-22033000
-11112522 (base 7) to base 14
-1b04b9
-221000220200 (base 3) to base 9
-830820
What is 100022233001 (base 4) in base 16?
40abc1
Convert -15286a (base 11) to base 8.
-720612
What is -76a745 (base 12) in base 8?
-7140645
Convert 612392 (base 10) to base 15.
c16b2
What is -43609 (base 11) in base 14?
-190cc
Convert 50d45 (base 16) to base 4.
1100311011
Convert 111021322 (base 4) to base 10.
86650
Convert 22